 is the tens digit of h?
6
Let r be (-5 + -1)*(-6)/18. Suppose g - r = 3*s - 29, 14 = -2*g - 4*s. What is the units digit of (228/g)/((16/(-60))/2)?
4
Let r be (-21)/14*(-28)/3. Suppose -660 = -r*y + 1342. What is the hundreds digit of y?
1
Let i(h) = -534*h + 230. What is the thousands digit of i(-16)?
8
Let q = 41 + -42. Let s be (-1)/(-6) + (q - (-2103)/18). Suppose 0 = 6*h - 10*h + s. What is the tens digit of h?
2
Let o(d) = -d**3 - 9*d**2 - 2*d - 13. Let w be o(-9). Suppose -3*b - w*f + 29 = -553, 0 = 4*b + 5*f - 776. What is the units digit of b?
4
Let n = 1993 - -2685. What is the hundreds digit of n?
6
Let n = -19189 + 20473. What is the hundreds digit of n?
2
Suppose -2*y = 3*p - 42480, -70800 = -p - 4*p + 4*y. What is the hundreds digit of p?
1
Suppose 1115*p - 1113*p = 1522. Let o = p - 414. What is the tens digit of o?
4
Suppose -v + 1 = 0, -27*q + 5*v = -32*q + 61815. What is the ten thousands digit of q?
1
Let t(n) = 128*n**2 - 123*n - 1091. What is the hundreds digit of t(-10)?
9
Let i(d) = -d**2 + 6*d + 7. Let q be i(8). Let b be (-60)/(-8)*(-1 - q/5). Let n(k) = 7*k + 18. What is the units digit of n(b)?
0
Let u = 4 + -1. Suppose 163*w - 21 = 162*w. Suppose -u*m = -0*m - w. What is the units digit of m?
7
Let l(o) = -o**3 + 11*o**2 - 15*o - 24. Let v be l(9). Suppose -i = -4*b - 53, 2*i - 3*i - v*b = -46. What is the tens digit of i?
4
Let t = -49 + 5. Let l = -1323 - -1425. Let a = t + l. What is the units digit of a?
8
Let i be ((-36)/(-10))/(2/(-10)). Let t be (2/(-4))/(5 + 93/i). What is the tens digit of (-4 - (-344)/t)/(2/3)?
6
Suppose m - 5*w + 13 = -3*m, 3*w = -m + 18. Suppose -18 = 3*z + m*z. What is the hundreds digit of (4 + 0)/(z/(-132))?
1
Let l = 5123 - -3352. What is the tens digit of l?
7
Let t = -30235 - -45480. What is the ten thousands digit of t?
1
Suppose -34*s = 875313 - 2459611. What is the tens digit of s?
9
Let y = -4635 + 9664. What is the hundreds digit of y?
0
Suppose -q = 3 + 1. Let u be (-6*1/q)/((-9)/(-2148)). Suppose 0 = -5*j + u + 17. What is the tens digit of j?
7
Suppose b + 4*c = 2315, 31*c - 34*c + 4630 = 2*b. What is the units digit of b?
5
Let x = -15 + 19. Let k be x*5 + 0/18. Suppose k*f - 15*f = 920. What is the hundreds digit of f?
1
Let i = -86 + 88. Let u(x) = -4*x**2 + 180*x + x**2 + 8 + 2*x**2 + 10*x**3 - 186*x. What is the tens digit of u(i)?
7
Suppose 59*f = 400*f + 121*f - 22518342. What is the ten thousands digit of f?
4
Suppose 4*i = -2*a + 2, 5*i - 2*a = -0*a + 16. Suppose 1 + 7 = i*d. Suppose 3*q - 4 + 13 = d*p, -2*p + 17 = q. What is the units digit of p?
6
Let g(p) be the third derivative of -p**5/30 - p**4/2 - 5*p**3/3 + 23*p**2. Let b be g(-5). Suppose b = -3*q + 4*q - 98. What is the tens digit of q?
9
What is the hundreds digit of 5280 + -8 + 75/(-15)?
2
Let b(k) = 122*k + 83. What is the units digit of b(35)?
3
Suppose 10*q - 1162729 - 785191 = -120*q. What is the thousands digit of q?
4
Let y(a) be the first derivative of 14*a - 5*a + 0*a - 14*a**2 + 17 - 3*a. What is the units digit of y(-2)?
2
Let y be 1/((-1)/(2*17)). Let a = -222 - -186. Let f = y - a. What is the units digit of f?
2
Let a(w) = w**2 - 4*w + 15. Let r = -72 + 80. What is the units digit of a(r)?
7
Let w(l) = -l**2 + 58*l + 6353. What is the units digit of w(0)?
3
Suppose -61*y + 330667 = -44788. What is the hundreds digit of y?
1
Suppose 5*j - 18 = 3*w, 11 = -j + 5*j + w. Suppose -1381 = -j*p - 5*n, p + 7*n - 5*n = 460. What is the tens digit of p?
6
Let z(r) = -r**2 - 13*r + 82. Let a be z(4). Suppose 0 = -a*d + 9*d + 295. What is the tens digit of d?
5
Let i(a) = -54*a + 265. Let c be i(5). Let k(x) = 12*x**2 + 8*x - 5. What is the hundreds digit of k(c)?
2
Let n(s) = -20*s. Let t be n(-11). Suppose -650 = -10*y + t. What is the tens digit of y?
8
Let i = -217 - -238. Suppose 0 = -i*w + 19*w + 2814. What is the units digit of w?
7
Suppose -135*f + 183796 + 342414 = -34*f. What is the thousands digit of f?
5
Let o(q) be the third derivative of 1/60*q**5 + 0*q - 2/3*q**3 + 1/24*q**4 - 41*q**2 + 0. What is the units digit of o(10)?
6
Suppose 22*y - 1196 = 9*y. Let i = 19 - y. Let x = i + 147. What is the tens digit of x?
7
What is the hundreds digit of 7*(-3)/(-6)*(-48)/24 + 10092?
0
Let k = -274 - -287. Suppose 17*p = k*p + 3212. What is the hundreds digit of p?
8
Suppose -20*x - 69 = -349. Suppose 6462 = x*k - 328. What is the units digit of k?
5
Let w(l) = 14177*l - 3324. What is the hundreds digit of w(3)?
2
Let z be 6/5*35/3. Let a(y) = -10 - y**3 - 7*y**2 + 14*y - z*y + 2*y**3 + 12*y. What is the tens digit of a(9)?
6
Suppose 0 = 5*w - 5*r - 3700, r - 2*r = -4. What is the tens digit of (7/14)/((-742)/w - -1)?
8
Let g(t) = t**2 + 19*t + 6. Let w be g(-19). Let z be ((-34359)/(-26))/(9/w). Suppose 7*d - z = 57. What is the hundreds digit of d?
1
Let s(a) = -a**3 + 6*a**2 + 23*a - 135. Let k be s(5). Let l(y) = -3 + 1 + 2 + 37*y. What is the hundreds digit of l(k)?
1
Let f(y) = 47*y - 19. Let u be f(-2). Let x = u + 142. What is the tens digit of x?
2
Let v(s) = 11*s**2 - 37*s - 890. What is the units digit of v(-42)?
8
Let t = 33052 - 18477. What is the ten thousands digit of t?
1
Let c(g) = -2*g**3 + g**2 + 8*g - 13. Let q = -36 + 40. Let o be c(q). Let r = -83 - o. What is the tens digit of r?
1
Let f(v) = 95*v + 10*v**3 + 93*v + 3 + 3*v**2 + 4 - 193*v. Let h(z) = -z**2 + 9*z + 2. Let g be h(9). What is the tens digit of f(g)?
8
Suppose -3*g - 20 = -7*g. Suppose 17183 = 83*m - 19*m - 15777. Suppose 2*p - 3*x - m = -4*x, g*p - 1268 = 4*x. What is the tens digit of p?
5
Suppose -1 = 3*h - 46. Let p be h*4*1/12. Suppose 4*l - 101 = 3*d + 52, p*d = l - 34. What is the tens digit of l?
3
Suppose -18717642 = -378*x - 337*x + 29215958. What is the thousands digit of x?
7
Let s = 18730 + -11744. What is the hundreds digit of s?
9
Suppose -3*s + 1 = 1. Suppose -7*r + 20*r - 5538 = s. What is the units digit of r?
6
Let d(t) = t**2 - 4*t - 2. Let f be d(6). Let z(u) = 11*u - 57. Let g(p) = -22*p + 111. Let q(h) = -4*g(h) - 7*z(h). What is the units digit of q(f)?
5
What is the tens digit of -212*((-159)/4 - -15)?
4
Let z = 6110 + -2596. What is the tens digit of z?
1
Let t be (-9*(-4)/(-42))/(2/14). Let w be (-100)/(-12) + -1 - (-2)/t. Suppose w*d - 6*d = 114. What is the hundreds digit of d?
1
Suppose 75 = -67*g + 70*g. Suppose g*x = 20*x + 4210. What is the hundreds digit of x?
8
Let f(p) = -p**2 - 8*p + 7. Let g be f(-10). Let o(s) = -2*s - 22. Let u be o(g). Suppose -245 = -u*r + 139. What is the units digit of r?
6
What is the ten thousands digit of -7071*(21/12)/(96/(-128))?
1
Suppose -708*y - 347820 = -742*y. What is the units digit of y?
0
Suppose -42*i + 13919 + 43285 = 0. Suppose 4*m - i - 310 = 0. What is the tens digit of m?
1
Suppose -6*r - 5733 - 453 = 0. Let j = -546 - r. What is the tens digit of j?
8
Let y(f) = -f**3 - 2*f**2 - 5*f - 25. Let w be y(-4). Suppose 0*m = -2*m. Suppose m = -4*a + 123 - w. What is the units digit of a?
4
What is the tens digit of (0 - (-16076)/24)*(-1 - -4)*4?
3
Suppose -69*f + 103474 = -21*f - 82142. What is the hundreds digit of f?
8
Let u = 3183 - 734. What is the tens digit of (5 - 26/6) + u/3?
1
Suppose 24 = 29*d - 21*d. Suppose 0 = 4*l + d*r - 5*r - 3020, 0 = -5*l - 5*r + 3745. What is the tens digit of l?
5
Let f = 8377 - 2389. What is the tens digit of f?
8
What is the hundreds digit of 10/(-15) - 6/((-90)/123445)?
2
Suppose 0*f + 998 = -2*s + 4*f, -2*s = -f + 1004. Let v = -427 - s. What is the tens digit of v?
7
Let s(v) = 101*v - 100. Suppose 15 = -45*a + 50*a. What is the tens digit of s(a)?
0
Let s be -2 + (-28)/(-8) + (-35)/(-2). Suppose -s*i + 900 = -16*i. What is the tens digit of i?
0
Suppose -6929 = 28*o - 15*o. Let j = o + 1095. What is the tens digit of j?
6
Let q = 26140 - 17983. What is the thousands digit of q?
8
Let s = -3527 - -5920. What is the thousands digit of s?
2
Let h be -18 - (-3)/(3/(-4)). Let d = 22 + h. Suppose d = l - 42 - 21. What is the units digit of l?
3
Suppose -1891 = -22*g - 505. Let d = g - -25. What is the tens digit of d?
8
Suppose -3*d + 13*b = 18*b - 25132, -5*d + 41908 = 3*b. What is the tens digit of d?
8
Let g(u) = u**2 + 3*u**2 + 2 + 11 + 9*u + u. Let l be g(-12). Suppose -3*c - 166 = -l. What is t